 (15 - 1) - (41 + -2 + -44)
19
What is 12 + -4 + 1 - 5?
4
Calculate -1 + -1 - (3 + -2 - -6 - -3).
-12
(39 + -61 - (-13 + 0)) + (-1 - 2)
-12
What is -5 + 4 + -2 + -3?
-6
What is 0 + (0 - 8) - (-363 + 339)?
16
Evaluate -14 + 17 + (-2 - 23).
-22
9 + 5 + -1 + -4 - -2
11
(17 + 0 - 17 - -16) + -3
13
Evaluate -6 + -4 + (-9 - (-28 + -14 + 4)).
19
Evaluate 2 - -2 - (13 - 24) - -3.
18
What is the value of 7 + (6 - 14) - (-7 - 0)?
6
7 - (-7 + -4 + (5 - -1) - -20)
-8
What is (-3 - 14) + -5 - -19?
-3
What is (7 - (-16 + 8 + 12)) + -6 + 23?
20
-20 + ((-9 - -10) + 1 - (2 + 0))
-20
(17 - -9 - 32) + 7
1
What is the value of 4 + -10 + 5 + -1 + -2 - -13?
9
Evaluate 6 - (14 + -12 - -17).
-13
What is the value of 16 + -4 + 5 + (4 - 11)?
10
What is 5 - (-12 + 1 + 9 - 10)?
17
Calculate -9 + (8 - (-8 + 5)).
2
Calculate -20 - (-16 - (-1 + 1) - (-296 - -289)).
-11
10 + -22 + (7 - -14)
9
What is the value of 10 + (-12 - -1 - -7) - (2 + 0)?
4
-11 - -1 - ((-37 - -19) + 7)
1
Evaluate 8 - (-10 - (2 - (8 + 5))).
7
What is 6 + (-43 + 5 - -16)?
-16
What is the value of -13 - -24 - (-4 - -2) - (-3 - -10)?
6
Calculate -276 - -282 - (-1 + (-2 - 1)).
10
1 + 11 + (11 - 43 - -13)
-7
Evaluate -18 - ((14 - (12 - 0)) + -8).
-12
Calculate (-8 - -1) + (-62 - -79).
10
What is 7 + -9 + 4 - -3 - (128 + -100)?
-23
Evaluate -24 - (-36 - -10) - -30.
32
What is (-10 - (1 - 4)) + (12 - (-5 + -9))?
19
-2 + 0 - -2 - (54 + -23 + -24)
-7
(6 - 17) + 5 + 12 - 19
-13
What is the value of 7 + -2 + 5 + -3 + -22 - -5?
-10
Calculate (5 + -6 + 1 - 4) + (-4 - 0).
-8
What is 6 + (17 - (11 - 3) - 8)?
7
Evaluate 11 + -31 + (26 - 3).
3
Calculate (-6 + 0 - -5) + 32 + -13 + -38.
-20
What is -15 - -3 - (0 + -22)?
10
Evaluate -29 - 6 - -18 - 0.
-17
Calculate -1 - 3 - ((-6 - 5) + -16 + 22).
1
Calculate (-19 + -18 - -5) + 29.
-3
What is the value of 54 + -61 - (4 + 0 + 2)?
-13
(1 - (1 - 4)) + 77 + (-42 - 31)
8
What is (-8 - (-25 + 3)) + -24?
-10
Calculate -11 + 5 + 5 + 30.
29
Calculate (9 + -7 - 3) + (-6 - -9 - 17).
-15
What is -8 + -6 + (13 - -4) - 9?
-6
Evaluate 7 + 1 + (-19 - 7 - -25).
7
What is (183 - 139) + -19 + -2?
23
What is 3 + (9 - 9 - 5)?
-2
Evaluate -14 + 5 + (6 - 4 - 2).
-9
-3 - (-25 + 24 - (-2 - -1))
-3
Evaluate 442 + -380 - (24 + 1).
37
Evaluate -8 + ((9 - 5) + 0 - 9).
-13
Evaluate -25 - (-3 - (-18 - -30)).
-10
Evaluate -18 - (-37 - -14 - 8).
13
Calculate -1 - -6 - (-4 - (-4 + -14 + -16)).
-25
What is -28 - ((-14 - -4) + 1 + 7 + 5)?
-31
(2 - -8) + (-398 + 386 - (27 + -1))
-28
What is 4 - (2 - -1 - 15) - -9?
25
Evaluate 6 - ((-2 - -1) + -75 + 79 - 2).
5
What is the value of (6 - (6 + -3) - 8 - -12) + -9?
-2
What is (-1 - (-17 - -14)) + (3 - 2)?
3
-2 - 3 - -5 - (2 + -4 + 11)
-9
-6 - 2 - (11 - (10 + 7))
-2
What is the value of 2 + -1 - 3 - ((-7 - 4) + 4)?
5
Calculate -17 + 10 - (-18 + (-7 - 1) + 4).
15
What is 11 + (-31 + 23 - 12)?
-9
(-5 + -3 - -1 - -12) + -4 + 1
2
What is the value of -1 + (-9 - (-15 - 1) - (10 + -1))?
-3
-14 - (-45 - -7 - -9)
15
(-48 - -34) + (27 - 4)
9
Calculate -15 - (9 + -34) - -7.
17
Calculate (-15 - 5) + (-9 - -10 - -8) - -41.
30
-7 + -2 + -2 + -1
-12
Evaluate -11 + 3 + 0 + -1 + 78 + -80.
-11
Calculate 14 + (-13 + -38 - -28).
-9
-2 - (-9 + (-10 - -16)) - -4
5
What is -6 - (2 + -16 - -2 - (3 - 8))?
1
Calculate -19 + 26 + (-21 + 10 - -29).
25
Calculate (-6 - (-4 + 1) - (-7 + 1)) + -2.
1
-11 - (-10 + 2 + -3 + 28 + -24)
-4
What is the value of -4 + (-12 + 17 - 7)?
-6
(-5 + (-4 - -15) - -2) + (46 - 43)
11
What is -6 - -14 - 3 - (-2 - (-2 - -2))?
7
Evaluate (-2 + (0 + -1 - 5) - 6) + 6.
-8
Evaluate -9 - (-5 + 7 - 4).
-7
What is 5 + -27 - (396 + -416)?
-2
What is the value of (-15 - -11) + -8 - -13?
1
What is (7 - (5 - 5)) + -6 + -5 + 4?
0
-3 + (1 - 4) + (35 - 34)
-5
-13 + 14 + -6 + -5 + 10
0
Evaluate -3 + (-3 - (9 + -13)) + 6.
4
-2 + 19 - (16 - 19)
20
What is (3 - (-10 + 5)) + 0?
8
Calculate 258 + -271 - (-1 + -7).
-5
What is the value of -5 - (-24 - (16 + -33 - 0))?
2
Calculate 1 + (6 - (0 - -4)) - (55 - 58).
6
47 + -19 + -8 - ((2 - 1) + 7)
12
(1 - 2) + 13 + -18 + (-7 - -3)
-10
Evaluate 5 - (0 + 6 + -4).
3
What is -33 - (28 - 17 - 26)?
-18
Evaluate 57 + -18 - (17 - -3).
19
What is (13 + 15 + -43 - -4) + -6?
-17
-1 + (-6 - (-2 + -8 + -1))
4
What is (-1 - 16) + (26 - 16) + -13 + -8?
-28
What is the value of -39 - 1 - (-8 + 18 + -10 + -9)?
-31
Calculate 19 - 12 - 7 - (-5 + -9).
14
What is the value of (14 - 7) + 9 - (9 + -4)?
11
Calculate 4 + (-11 + 7 + 2 + -5 - -2).
-1
Calculate 2 + -5 - (1163 + -1131).
-35
Calculate -17 + 19 - 21 - -20.
1
What is 0 - 0 - (0 - -4) - (55 - 53)?
-6
2 + (-22 - (-14 - (-2 + -1)))
-9
What is 32 - (10 - (-29 + 26))?
19
-12 + (17 - (12 + -9) - -6)
8
21 + -14 + -10 + (-1 - 1 - -2)
-3
What is the value of -1 + 7 + -36 + 24?
-6
-5 + 24 + (20 - 15) + (-1 - -1)
24
What is the value of 24 + (2 + -16 - -5) + 2?
17
Calculate -9 + 14 + -6 - ((-6 - -6) + -6).
5
What is the value of 13 + (-24 - -24) - -5?
18
Calculate (-37 - -24) + 15 + 5.
7
Evaluate (11 - 5) + 5 + (-20 - 5) + -4.
-18
(-7 - 1) + 20 - (-9 - -8 - 5)
18
What is -5 - (1 - 0) - (37 - 40 - 3)?
0
Evaluate -35 - (-8 - -2) - (32 + -31).
-30
Calculate 6 - 11 - (73 + -81).
3
Calculate -4 - ((-12 - (-6 - 0)) + (3 - -3)).
-4
1 - (-6 + (8 - 1) + 7) - -21
14
-19 + 12 + -4 + 9 - 10
-12
Calculate -20 + 21 + (-13 - -10) + (7 - -1).
6
1 + -2 + (66 - 62)
3
Calculate 22 + -3 + -41 + 32 + -1 + 0.
9
Evaluate 5 + -9 + (-1 - 0) - (-6 + -8).
9
Evaluate -15 - (-26 + (-12 - -22)).
1
What is the value of 27 + 12 + -16 + 1?
24
Evaluate (-11 + -16 - -3) + 11 + (-1 - 2).
-16
What is the value of -32 - (21 - (25 - -14))?
-14
Evaluate 22 - 22 - (34 + -48).
14
Evaluate 14 + 7 + 8 - 14.
15
Calculate -4 - (-38 - (-35 - -25)).
24
What is (-18 - -17) + -3 + 6?
2
Evaluate 16 - (3 - -1) - (24 - (32 + -10)).
10
-15 + 12 + (-5 + -3 - -3)
-8
What is the value of 7 - (19 + (-34 - -8))?
14
What is -4 + -1 + 7 + -8 - -2?
-4
What is the value of (6 - 1) + -14 - (17 + -2)?
-24
Calculate -429 + 418 - (2 + -2 + 2).
-13
Evaluate (27 - 39) + (13 - -21).
22
What is the value of 8 - 51 - (-8 + -10)?
-25
Evaluate (5 + -1 + 5 - -7) + (1 - 5).
12
What is the value of 0 + 6 + (-33 - -31) + 4?
8
11 + -7 + 6 + -43 + 9 + -5
-29
Evaluate -8 + -8 + 8 + 8.
0
What is the value of 14 + -55 + 18 - -9?
-14
Calculate -2 + 10 - (9 + -6) - (2 - 1).
4
6 + (-11 - -40) + (5 - 2 - 8)
30
-69 - (-12 + 21 + -45)
-33
What is -12 + -6 + -4 + 10 - (-1 + 2)?
-13
Calculate -7 + (-6 + 8 + -1 - -8).
2
Evaluate 1 + 55 - (138 + -106).
24
What is 5 - (12 - 17) - 6?
4
Evaluate -23 - (13 + 12 - 59).
11
-153 + 153 - (14 + 5 + 0)
-19
0 + (5 - 0) + -6 + 5
4
Calculate (-8 - (-8 - -8)) + 4 - -3.
-1
What is the value of 2 + -1 - (4 + 1 - (40 - 38))?
-2
What is the value of 7 + -3 + -4 - (10 + 1 - 1)?
-10
16 - 37 - -17 - -24
20
What is the value of 61 - 61 - (-3 - 4)?
7
(-31 - -1) + 2630 + -2601
-1
What is (65 - 71) + (-1 - -10) - 22?
-19
Calculate 12 - -1 - (23 - 64 - -30).
24
What is the value of 15 + -32 + (3 - -2) + 8 - -11?
7
What is the value of (168 - 159) + (-3 - -6) + 9?
21
(5 - -1) + -216 + 212
2
Calculate 5 + -4 + (9 - (4 + 1)).
5
Calculate 5 + -1 - (-15 - -15).
4
-17 - ((11 - 3) + -14)
-11
What is the value of 19 + (-8 - (-1 + 3) - -1)?
10
19 - 28 - -12 - -17
20
9 + (-1 - 4 - 2) + 15 + -15
2
What is the value of 16 - (1 - ((-12 - 2) + 7))?
8
-13 + 3 - 3 - (-20 - -14)
-7
Calculate (67 - (-69 - -129)) + 15 + -1.
21
Evaluate 31 + -33 + -4 + 14 + 0.
8
17 - (14 - 7) - 14
-4
What is the value of 0 + (-2 - (0 + 6)) + -1405 + 1417?
4
Evaluate (-4 - 5) + (40 - 23).
8
What is -2 + -4 + -1 + 33 + -22?
4
Evaluate (8 + -4 - -7) + -12.
-1
16 + 0 + (-5 - (5 + -4 + 3))
7
Evaluate -216 + 210 + -9 + -3 + -2.
-20
What is -32 + 1 + (161 - 129)?
1
What is the value of 8 - 7 - -3 - 18?
-14
Evaluate -2 + -5 + 34 + -13 + -16.
-2
Evaluate 20 + -5 + (1 + 0 - (-10 + 11)).
15
Calculate -1 - -43 - (-181 - -189).
34
-35 - (36 + -45) - 8
-34
Evaluate (-14 - (8 + 1) - (1 - 7)) + -7.
-24
8 + (-4 - (-40 + 31))
13
What is 8 - -1 - (-324 + 322)?
11
Calculate -4 - ((9 - 5) + -2) - -37.
31
Calculate (-1 - -5 - (-1 + 4)) + -172 + 150.
-21
Evaluate -5 + 18 + -33 + 25 + -15.
-10
What is 3 + 8 - 1 - 1 - -1 - -5?
15
What is the value of 1 + -6 + 359 + -369?
-15
Calculate -9 + 13 - (4 + -4).
4
What is -19 - (-20 + (5 - -7))?
-11
